{"version":"1.0","provider_name":"SAMA","provider_url":"https:\/\/www.samayurveda.com\/fr\/","author_name":"admin","author_url":"https:\/\/www.samayurveda.com\/fr\/author\/charles_wda6r7k7\/","title":"Cr\u00e9ation de la FMTA\u00a0\u00a0- Association romande pour l\u2019Ayurv\u00e9da - SAMA","type":"rich","width":600,"height":338,"html":"<blockquote class=\"wp-embedded-content\" data-secret=\"WqZw9QZaVs\"><a href=\"https:\/\/www.samayurveda.com\/fr\/creation-de-la-fmta-association-romande-pour-layurveda\/\">Cr\u00e9ation de la FMTA\u00a0\u00a0&#8211; Association romande pour l\u2019Ayurv\u00e9da<\/a><\/blockquote><iframe sandbox=\"allow-scripts\" security=\"restricted\" src=\"https:\/\/www.samayurveda.com\/fr\/creation-de-la-fmta-association-romande-pour-layurveda\/embed\/#?secret=WqZw9QZaVs\" width=\"600\" height=\"338\" title=\"\u00ab\u00a0Cr\u00e9ation de la FMTA\u00a0\u00a0&#8211; Association romande pour l\u2019Ayurv\u00e9da\u00a0\u00bb &#8212; SAMA\" data-secret=\"WqZw9QZaVs\" frameborder=\"0\" marginwidth=\"0\" marginheight=\"0\" scrolling=\"no\" class=\"wp-embedded-content\"><\/iframe><script>\n\/*! This file is auto-generated *\/\n!function(d,l){\"use strict\";l.querySelector&&d.addEventListener&&\"undefined\"!=typeof URL&&(d.wp=d.wp||{},d.wp.receiveEmbedMessage||(d.wp.receiveEmbedMessage=function(e){var t=e.data;if((t||t.secret||t.message||t.value)&&!\/[^a-zA-Z0-9]\/.test(t.secret)){for(var s,r,n,a=l.querySelectorAll('iframe[data-secret=\"'+t.secret+'\"]'),o=l.querySelectorAll('blockquote[data-secret=\"'+t.secret+'\"]'),c=new RegExp(\"^https?:$\",\"i\"),i=0;i<o.length;i++)o[i].style.display=\"none\";for(i=0;i<a.length;i++)s=a[i],e.source===s.contentWindow&&(s.removeAttribute(\"style\"),\"height\"===t.message?(1e3<(r=parseInt(t.value,10))?r=1e3:~~r<200&&(r=200),s.height=r):\"link\"===t.message&&(r=new URL(s.getAttribute(\"src\")),n=new URL(t.value),c.test(n.protocol))&&n.host===r.host&&l.activeElement===s&&(d.top.location.href=t.value))}},d.addEventListener(\"message\",d.wp.receiveEmbedMessage,!1),l.addEventListener(\"DOMContentLoaded\",function(){for(var e,t,s=l.querySelectorAll(\"iframe.wp-embedded-content\"),r=0;r<s.length;r++)(t=(e=s[r]).getAttribute(\"data-secret\"))||(t=Math.random().toString(36).substring(2,12),e.src+=\"#?secret=\"+t,e.setAttribute(\"data-secret\",t)),e.contentWindow.postMessage({message:\"ready\",secret:t},\"*\")},!1)))}(window,document);\n\/\/# sourceURL=https:\/\/www.samayurveda.com\/wp-includes\/js\/wp-embed.min.js\n<\/script>\n","thumbnail_url":"https:\/\/www.samayurveda.com\/wp-content\/uploads\/2023\/09\/image-6.png","thumbnail_width":244,"thumbnail_height":76,"description":"Dans le but d\u2019offrir \u00e0 la Suisse romande une association pour repr\u00e9senter les professionnels de l\u2019Ayurv\u00e9da et promouvoir leurs m\u00e9tiers, la F\u00e9d\u00e9ration de M\u00e9decine et Th\u00e9rapie en Ayurv\u00e9da voit le jour en d\u00e9but 2020.&nbsp; Elle se donne comme mission de repr\u00e9senter la Suisse romande dans la politique professionnelle du pays et lance comme premier projet [&hellip;]"}

Création de la FMTA  - Association romande pour l’Ayurvéda - SAMA

<blockquote class="wp-embedded-content" data-secret="WqZw9QZaVs"><a href="https://www.samayurveda.com/fr/creation-de-la-fmta-association-romande-pour-layurveda/">Création de la FMTA  &#8211; Association romande pour l’Ayurvéda</a></blockquote><iframe sandbox="allow-scripts" security="restricted" src="https://www.samayurveda.com/fr/creation-de-la-fmta-association-romande-pour-layurveda/embed/#?secret=WqZw9QZaVs" width="600" height="338" title="« Création de la FMTA  &#8211; Association romande pour l’Ayurvéda » &#8212; SAMA" data-secret="WqZw9QZaVs" frameborder="0" marginwidth="0" marginheight="0" scrolling="no" class="wp-embedded-content"></iframe><script>
/*! This file is auto-generated */
!function(d,l){"use strict";l.querySelector&&d.addEventListener&&"undefined"!=typeof URL&&(d.wp=d.wp||{},d.wp.receiveEmbedMessage||(d.wp.receiveEmbedMessage=function(e){var t=e.data;if((t||t.secret||t.message||t.value)&&!/[^a-zA-Z0-9]/.test(t.secret)){for(var s,r,n,a=l.querySelectorAll('iframe[data-secret="'+t.secret+'"]'),o=l.querySelectorAll('blockquote[data-secret="'+t.secret+'"]'),c=new RegExp("^https?:$","i"),i=0;i<o.length;i++)o[i].style.display="none";for(i=0;i<a.length;i++)s=a[i],e.source===s.contentWindow&&(s.removeAttribute("style"),"height"===t.message?(1e3<(r=parseInt(t.value,10))?r=1e3:~~r<200&&(r=200),s.height=r):"link"===t.message&&(r=new URL(s.getAttribute("src")),n=new URL(t.value),c.test(n.protocol))&&n.host===r.host&&l.activeElement===s&&(d.top.location.href=t.value))}},d.addEventListener("message",d.wp.receiveEmbedMessage,!1),l.addEventListener("DOMContentLoaded",function(){for(var e,t,s=l.querySelectorAll("iframe.wp-embedded-content"),r=0;r<s.length;r++)(t=(e=s[r]).getAttribute("data-secret"))||(t=Math.random().toString(36).substring(2,12),e.src+="#?secret="+t,e.setAttribute("data-secret",t)),e.contentWindow.postMessage({message:"ready",secret:t},"*")},!1)))}(window,document);
//# sourceURL=https://www.samayurveda.com/wp-includes/js/wp-embed.min.js
</script>

Dans le but d’offrir à la Suisse romande une association pour représenter les professionnels de l’Ayurvéda et promouvoir leurs métiers, la Fédération de Médecine et Thérapie en Ayurvéda voit le jour en début 2020.&nbsp; Elle se donne comme mission de représenter la Suisse romande dans la politique professionnelle du pays et lance comme premier projet [&hellip;]
